inder when 1223 is divided by x(-2).
227
Suppose -97 = -4*d + 3*a + 42, -d + 32 = 2*a. Suppose -32 = u - d. What is the remainder when 32 is divided by -2 + (92/8 + 0)*u?
11
Suppose -26 = 8*l - 2. Calculate the remainder when (-222)/l - (5 + -1) is divided by 18.
16
Let u(o) = o**3 - 5*o**2 - 23*o + 34. What is the remainder when u(8) is divided by 32?
10
Let r(l) = -l**2 + 10*l + 4. What is the remainder when 84 - -36 - -76*3/(-12) is divided by r(6)?
17
Suppose -4*x - 100 = -2*g, 8*g - 111 = -3*x + 289. What is the remainder when 190 is divided by g?
40
Let y = -65 - -69. Let c = 47 - 50. Calculate the remainder when 27 is divided by (-2)/y + c + 39/2.
11
Suppose 0 = -20*f + 100*f - 58012 + 19932. Calculate the remainder when f is divided by 239.
237
Suppose u + 1001 = 14*u. Suppose -16 = -4*r, -m + 2*r = 2*m - 217. Suppose -5 = -4*x + m. What is the remainder when u is divided by x?
17
Calculate the remainder when 946 is divided by (-26 + -51)*171/(-99).
15
Suppose -3*w = -4*c + 603, 46*c - 44*c - w - 303 = 0. What is the remainder when 611 is divided by c?
152
Let m(r) = -298*r - 1481. What is the remainder when 3793 is divided by m(-5)?
4
Let f = 207 + -194. Suppose 0 = -j - 0*j + 77. What is the remainder when j is divided by f?
12
Suppose 2295 = -2*j + 19*j. What is the remainder when 97 is divided by 36/(-15)*(1 + j/(-10))?
7
Let o(q) = -294*q + 9. Let n(s) = -s**3 - 2*s - 4. Let c be n(-1). What is the remainder when o(c) is divided by 17?
14
Suppose -j + 0*j - 3*k - 3 = 0, 1 = j - k. Let u(p) = p**3 + 16. Calculate the remainder when (5 + 0)/((-1)/(-12)) is divided by u(j).
12
Let i be (5/1 + 1)*(-20)/(-60). Suppose -3*x + 3*a = 12, i*x + 17 = -x - 2*a. Let j(z) = -2*z - 4. What is the remainder when 17 is divided by j(x)?
5
Let g(j) = -7*j - 22. Let w be g(-3). Calculate the remainder when 149 is divided by w*50*4/(-8).
24
Let b(p) = -p**3 - 4*p**2 - 6. Let a = -240 - -53. What is the remainder when (0 + a + 1)*(-154)/308 is divided by b(-5)?
17
Calculate the remainder when (-616)/224*((-2 + 3)*4 - 28) is divided by (-56)/(-3)*(-3)/(-2).
10
Let x(l) = 13*l**2 + 4*l**2 - 7*l**2 + l + 5 + 0*l**3 - l**3. Suppose -198 = -4*o + 4*j - 42, o - 5*j = 31. What is the remainder when o is divided by x(10)?
11
Calculate the remainder when 2888 is divided by 18*(-2242)/171*(2/(-8))/1.
56
Suppose 62 = 4*s + 50. Suppose s - 43 = -5*z. Calculate the remainder when 27 is divided by z.
3
Let m = 40 + -70. Let k be (-28)/98 + m/(-7). Suppose k*q - 7*q = -189. Calculate the remainder when q is divided by 33.
30
Let w = 2122 + -2041. Calculate the remainder when 109 is divided by w.
28
Suppose 115 - 109 = q, f - 5*q - 135 = 0. Calculate the remainder when 587 is divided by f.
92
What is the remainder when 265 is divided by (-214 - -215)/((-1)/(-69))?
58
Let u(o) = 3*o**2 + 319*o + 135. Calculate the remainder when 95 is divided by u(-106).
8
Let z(q) = 7*q - 57. Suppose k = -3*k + 44. Calculate the remainder when 56 is divided by z(k).
16
Calculate the remainder when 203 is divided by (-35 + 57)/(4 + -2).
5
Let r(t) = 9*t + 22. Let a(f) = 4*f + 10. Let b(l) = 7*a(l) - 3*r(l). What is the remainder when (39/2)/((-3)/(-6)) is divided by b(12)?
7
Let v(d) = 11*d**2 - 5. Calculate the remainder when v(4) is divided by (-2 - -1)*-1 + (-228)/(-4).
55
Let x = -434 - -468. Suppose 13*n + 231 = x*n. Suppose -5*f + 78 = -3*f. What is the remainder when f is divided by n?
6
Let k = 10374 - 10284. Calculate the remainder when 446 is divided by k.
86
Let s(n) = 4*n - 1. Let p be s(1). Suppose -u - 30 = -p*u. Let m(k) = 3*k**2 + 219*k + 35. What is the remainder when m(-73) is divided by u?
5
Let a(g) be the second derivative of g**3/3 + 9*g**2 + 15*g. Let t be a(-5). Let f(n) = 13*n + 4. Calculate the remainder when f(t) is divided by 37.
34
Let b be ((-78)/(-5))/((-45)/(-75)). Let x(c) = -c**3 + 27*c**2 - 8*c + 8. Calculate the remainder when x(b) is divided by 12.
8
Let m(p) = -p**2 - 8*p - 5. Suppose 89 = -3*i - 4*k + 125, 2*i - 4*k - 24 = 0. What is the remainder when i is divided by m(-6)?
5
Suppose 3 = -g + 2*l, -5*g + 2 + 1 = -4*l. Suppose -171*s + 3540 = -1077. Calculate the remainder when s is divided by g.
0
Let m = -112 - -106. Calculate the remainder when 14 is divided by m/2*(-2 - 1).
5
Suppose t = 6*t - 745. Let j(m) = -m**2 - 9*m - 26. Let c be j(-6). Calculate the remainder when t is divided by ((-7 - 73)/c)/((-1)/(-3)).
29
Let n(m) = 241*m**2 - 8*m + 11. Let t(j) = 362*j**2 - 11*j + 16. Let h(y) = 8*n(y) - 5*t(y). Calculate the remainder when h(1) is divided by 43.
31
Suppose -5*k + 16*k = 352. Suppose -36*w = -k*w - 144. Calculate the remainder when 104 is divided by w.
32
Suppose r - 35 = 48. Suppose -2178*k + 2175*k = 5*v - 84, -2*k + 49 = 3*v. Calculate the remainder when r is divided by v.
20
Let b(s) = s - 13. Let r be b(16). Suppose 542 = 3*d + 143. Calculate the remainder when d is divided by r/(-2)*(-84)/(-63) - -48.
41
Suppose 0 = -3*w - 24 + 315. Let t(v) = 126*v - 623. What is the remainder when w is divided by t(5)?
6
Suppose -4*f - 85 + 13 = 0. Let v = -16 - f. Suppose -60 = -4*i - c, -6 = -v*c + 2. Calculate the remainder when 26 is divided by i.
12
Let c(v) = -v + 3. Suppose -m - 8*j = -3*j - 19, 2*j = m - 47. Suppose -2*h + 9 = -m. Calculate the remainder when h is divided by c(-6).
6
Let h(w) = 2*w. Let n(i) = -i + 2. Let x(t) = -h(t) - 5*n(t). Let g be x(7). Suppose 5*c = g + 69. Calculate the remainder when 61 is divided by c.
13
Suppose 0 = -13*p + 14*p - 134. Let f = -5837 - -5844. What is the remainder when p is divided by f?
1
Suppose r - 13 = -6. Let l = -62 + 131. What is the remainder when l is divided by r?
6
Let r(o) = o**3 - 13*o**2 + 10*o - 28. Let i(q) = -3*q**3 + 38*q**2 - 31*q + 86. Let w(t) = -2*i(t) - 7*r(t). What is the remainder when w(13) is divided by 67?
57
Suppose 0 = -4*m + 110*j - 107*j + 1266, -4*m + j + 1270 = 0. Calculate the remainder when m is divided by 103.
9
Let k(s) = s + 23. Let y be k(-11). Suppose 0*h + h = y. Calculate the remainder when 31 is divided by h.
7
Let b = -1572 + 2813. Let x = 2184 - b. Calculate the remainder when x is divided by 21.
19
Suppose -3*j + 153 = 2*v, -4*j = v + 152 - 231. Let p(b) = -6*b + 9. Calculate the remainder when v is divided by p(-3).
21
Calculate the remainder when (3 + (-115)/20)/(4/(58*-8)) is divided by 57.
34
Let m(b) = -12*b - 15. Let q(i) = -i**2 - 26*i - 30. Let s(v) = 7*m(v) - 4*q(v). Calculate the remainder when 19 is divided by s(-5).
4
Suppose 11*w = 315 - 293. Let k = 2 + 16. What is the remainder when k is divided by w?
0
Let m = 724 + -674. What is the remainder when 344 is divided by m?
44
Let v(p) = 18*p - 110. Let u be v(8). Suppose 3 = -4*z + 19, 2*b = -2*z + u. What is the remainder when 62 is divided by b?
10
Suppose -78*l + 86858 - 26766 + 33274 = 0. What is the remainder when l is divided by 80?
77
Let z(i) = 73*i - 5756. What is the remainder when 65 is divided by z(79)?
10
Suppose -2*s + 2*b = 6, -3*s - 4*b = -s - 12. Suppose s = -2*o + 15 + 99. What is the remainder when o is divided by 10?
7
Let l(a) be the second derivative of a**5/20 + a**4/2 + 5*a**3/3 - 8*a**2 + 36*a - 3. What is the remainder when l(5) is divided by 3?
0
Let i = 13460 + -13397. Calculate the remainder when i is divided by 53.
10
Suppose -4*y + 24 = -4*l, 15*y - 17*y - l + 6 = 0. Suppose -3*f - 125 = -7*f + 5*b, 94 = 3*f - y*b. What is the remainder when 105 is divided by f?
15
Let z = -3610 + 3655. Calculate the remainder when 141 is divided by z.
6
Suppose -51*b + 1709 = 434. Calculate the remainder when (-2)/(-10) + (-1107)/(-15) is divided by b.
24
Suppose 12 = -5*i + 4*p + 34, 4 = -4*i - 4*p. Suppose -58 - 4 = -2*k + i*b, -10 = 2*b. What is the remainder when 44 is divided by k?
18
Suppose 0 = 35*l - 14*l - 1680. Let f = -50 - -78. Calculate the remainder when l is divided by f.
24
Suppose 65*c + 53*c - 49751 = 29*c. What is the remainder when c is divided by 81?
73
Suppose -2*z - 346 = 1182. Let h = z - -779. Calculate the remainder when 24 is divided by h.
9
Suppose 4*n - 2*v - 250 = -0*n, -5*n = v - 309. Let l = n - 57. Suppose 5*f + 3*o = 271, -o = l*f - 0*o - 277. What is the remainder when f is divided by 12?
8
Suppose 31*l - 27*l = 384. Suppose -